{"version":"1.0","type":"rich","provider_name":"eKultura","provider_url":"https:\/\/ekultura.hr\/","title":"Ban Jan Vitovec prena\u0161a sajmeni dan grada Vara\u017edina od blagdana sv. Jakova (25.07.) na \u010detvrti dan iza blagdana.","html":"<div style=\"position:relative;width:100%;padding-top:56.25%;overflow:hidden;border-radius:12px;background:#f0f2f5\"><iframe src=\"https:\/\/ekultura.hr\/items\/2252333\/embed\/\" style=\"position:absolute;inset:0;width:100%;height:100%;border:0\" loading=\"lazy\" allowfullscreen><\/iframe><\/div>","width":960,"height":540}

Ban Jan Vitovec prenaša sajmeni dan grada Varaždina od blagdana sv. Jakova (25.07.) na četvrti dan iza blagdana.
